{"id":1016,"date":"2023-09-11T16:40:10","date_gmt":"2023-09-11T14:40:10","guid":{"rendered":"https:\/\/gol.lu\/?page_id=1016"},"modified":"2024-04-29T15:00:01","modified_gmt":"2024-04-29T13:00:01","slug":"les-origines-du-grand-orient-de-luxembourg-2","status":"publish","type":"page","link":"https:\/\/gol.lu\/index.php\/les-origines-du-grand-orient-de-luxembourg-2\/","title":{"rendered":"Les origines du Grand Orient de Luxembourg"},"content":{"rendered":"<p>La franc-ma\u00e7onnerie \u00ab sp\u00e9culative \u00bb est n\u00e9e au XVIII\u00e8me si\u00e8cle en Angleterre et en Ecosse. Elle prend la suite de la ma\u00e7onnerie \u00ab op\u00e9rative \u00bb ou \u00ab de m\u00e9tier \u00bb qui r\u00e9unissait des groupes d\u2019ouvriers et d\u2019artisans, notamment, dans le domaine de la construction monastique ou communale. La ma\u00e7onnerie \u00ab sp\u00e9culative \u00bb r\u00e9unit des hommes et des femmes souvent \u00e9trangers aux m\u00e9tiers de la construction. Toutefois, de fa\u00e7on symbolique, le ma\u00e7on \u00ab sp\u00e9culatif \u00bb \u0153uvre \u00e0 la construction du \u00ab Temple id\u00e9al \u00bb.<\/p>\n<p>1729\u00a0: Il est fait mention d\u2019une franc-ma\u00e7onnerie \u00e0 Luxembourg.<\/p>\n<p>1763\u00a0: Installation de loges militaires dont les officiers sont anglais ou \u00e9cossais.<\/p>\n<p>1789 \u2013 1814\u00a0: L\u2019arriv\u00e9e des troupes r\u00e9volutionnaires fran\u00e7aises, puis l\u2019av\u00e8nement de Napol\u00e9on Bonaparte, marquent la p\u00e9riode o\u00f9 se cr\u00e9e la Loge \u00ab\u00a0Les enfants de la Concorde Fortifi\u00e9e\u00a0\u00bb qui re\u00e7oit ses lettres patentes du Grand Orient de France. Elle est issue des loges \u00ab\u00a0La Concorde et La Parfaite Union\u00a0\u00bb. A partir de 1815, elle est rattach\u00e9e au Grand Orient des Pays Bas.<\/p>\n<p>1814 \u2013 1830\u00a0: La p\u00e9riode prussienne voit la naissance du Grand-Duch\u00e9 de Luxembourg et la cr\u00e9ation de la loge militaire prussienne \u00ab\u00a0Friedrich zur Vaterlandsliebe\u00a0\u00bb puis la Loge \u00ab\u00a0Bl\u00fccher von Wahlstatt\u00a0\u00bb qui re\u00e7oit ses lettres patentes de la \u00ab\u00a0Grande Loge nationale des Trois Globes\u00a0\u00bb de Berlin.<\/p>\n<p>1926\u00a0:\u00a0 Naissance de la \u00ab\u00a0Grande Loge de Luxembourg\u00a0\u00bb.<\/p>\n<p>L\u2019apr\u00e8s-guerre 1939 &#8211; 1945 voit la ma\u00e7onnerie luxembourgeoise se partager entre d\u2019une part la ma\u00e7onnerie adogmatique h\u00e9rit\u00e9e du \u00ab\u00a0Grand Orient de France\u00a0\u00bb et du \u00ab\u00a0Grand Orient de Belgique\u00a0\u00bb et d\u2019autre part la ma\u00e7onnerie h\u00e9rit\u00e9e de la \u00ab\u00a0Grande Loge Unie d\u2019Angleterre\u00a0\u00bb.<\/p>\n<p>C\u2019est ainsi que le 26 novembre 1959 est cr\u00e9\u00e9 le \u00ab Grand Orient de Luxembourg \u00bb par les fr\u00e8res des ateliers \u00ab l\u2019Esp\u00e9rance \u00bb, \u00ab Tol\u00e9rance \u00bb et \u00ab Libert\u00e9 \u00bb. Cette premi\u00e8re p\u00e9riode se termine en 1968 o\u00f9 le \u00ab Grand Orient de Luxembourg \u00bb se met en sommeil. La loge \u00ab l&rsquo;Esp\u00e9rance \u00bb reprend ses travaux en automne 1969 comme \u00ab l\u2019Esp\u00e9rance &#8211; loge ind\u00e9pendante et souveraine \u00bb.<\/p>\n<p>Le \u00ab Grand Orient de Luxembourg \u00bb est r\u00e9veill\u00e9 le 2 octobre 1982. Il est alors compos\u00e9 des trois ateliers : \u00ab l&rsquo;Esp\u00e9rance \u00bb, \u00ab Libert\u00e9 \u00bb et \u00ab Tol\u00e9rance \u00bb. C&rsquo;est une ob\u00e9dience pluraliste car la loge \u00ab Libert\u00e9 \u00bb est d\u00e8s sa fondation un atelier mixte, certains ateliers masculins acceptent les s\u0153urs visiteuses et, si l\u2019opportunit\u00e9 se pr\u00e9sentait, il pourrait y avoir des ateliers purement f\u00e9minins.<\/p>\n<p>Le 17 octobre 1987, \u00ab\u00a0l&rsquo;Esp\u00e9rance\u00a0\u00bb donne naissance \u00e0 l&rsquo;Atelier \u00ab\u00a0Tradition et Progr\u00e8s\u00a0\u00bb.<\/p>\n<p>La loge \u00ab\u00a0l&rsquo;Esp\u00e9rance\u00a0\u00bb quitte le \u00ab\u00a0Grand Orient de Luxembourg\u00a0\u00bb en 1990.<\/p>\n<p>La loge \u00ab Licht und Wahrheit \u00bb, \u00e0 l&rsquo;Orient de Bonn (RFA) rejoint le \u00ab Grand Orient de Luxembourg \u00bb en 1991.<\/p>\n<p>En 1999, la loge Carpe Diem, \u00e0 l&rsquo;Orient de Heidelberg (RFA) et en 2000, la Loge Montaigne, \u00e0 l&rsquo;Orient de Li\u00e8ge (B) rejoignent le Grand Orient de Luxembourg.<\/p>\n<p>Le 22 janvier 2005, les loges \u00ab\u00a0Fiat Lux\u00a0\u00bb, \u00e0 l&rsquo;Orient de Leeuwarden (NL) et \u00ab\u00a0De Ruwe Kassei\u00a0\u00bb, \u00e0 l&rsquo;Orient de Gand (B) rejoignent le \u00ab\u00a0Grand Orient de Luxembourg\u00a0\u00bb.<\/p>\n<p>Le 20 octobre 2005, les loges \u00ab Diogenes \u00bb \u00e0 l&rsquo;Orient de Turnhout (B) et \u00ab La Fayette \u00bb \u00e0 l&rsquo;Orient de Luxembourg rejoignent le \u00ab Grand Orient de Luxembourg \u00bb.<\/p>\n<p>Le 10 octobre 2015, la loge \u00ab Europe et Fraternit\u00e9 \u00bb \u00e0 l&rsquo;Orient de Luxembourg rejoint le \u00ab Grand Orient de Luxembourg \u00bb.<\/p>\n<p>Le 8 octobre 2016, la loge \u00ab Socrate \u00bb \u00e0 l&rsquo;Orient de Li\u00e8ge rejoint le \u00ab Grand Orient de Luxembourg \u00bb.<\/p>\n<p>En 2018 la loge Montaigne se retire du GOL et la Loge Carpe Diem met fin \u00e0 ses activit\u00e9s.<\/p>\n<p>D\u2019autres Ob\u00e9diences existent au Luxembourg, notamment la \u00ab Grande Loge de Luxembourg \u00bb et la \u00ab F\u00e9d\u00e9ration internationale du Droit Humain \u00bb. La \u00ab Grande Loge F\u00e9minine de France \u00bb dispose d\u2019une Loge qui se r\u00e9unit dans les locaux du \u00ab Grand Orient de Luxembourg \u00bb.<\/p>\n<p><a href=\"https:\/\/gol.lu\/index.php\/extrait-de-la-constitution-du-grand-orient-de-luxembourg-2\/\">Extrait de la Constitution du Grand Orient de Luxembourg<\/a><\/p>\n","protected":false},"excerpt":{"rendered":"<p>La franc-ma\u00e7onnerie \u00ab sp\u00e9culative \u00bb est n\u00e9e au XVIII\u00e8me si\u00e8cle en Angleterre et en Ecosse. Elle prend la suite de la ma\u00e7onnerie \u00ab op\u00e9rative \u00bb ou \u00ab de m\u00e9tier \u00bb qui r\u00e9unissait des groupes d\u2019ouvriers et d\u2019artisans, notamment, dans le domaine de la construction monastique ou communale. La ma\u00e7onnerie \u00ab sp\u00e9culative \u00bb r\u00e9unit des hommes &hellip; <\/p>\n<p class=\"link-more\"><a href=\"https:\/\/gol.lu\/index.php\/les-origines-du-grand-orient-de-luxembourg-2\/\" class=\"more-link\">Continuer la lecture<span class=\"screen-reader-text\"> de &laquo;&nbsp;Les origines du Grand Orient de Luxembourg&nbsp;&raquo;<\/span><\/a><\/p>\n","protected":false},"author":5,"featured_media":476,"parent":0,"menu_order":0,"comment_status":"closed","ping_status":"closed","template":"","meta":{"footnotes":""},"class_list":["post-1016","page","type-page","status-publish","has-post-thumbnail","hentry"],"aioseo_notices":[],"jetpack_shortlink":"https:\/\/wp.me\/Pf1Mle-go","jetpack_sharing_enabled":true,"_links":{"self":[{"href":"https:\/\/gol.lu\/index.php\/wp-json\/wp\/v2\/pages\/1016","targetHints":{"allow":["GET"]}}],"collection":[{"href":"https:\/\/gol.lu\/index.php\/wp-json\/wp\/v2\/pages"}],"about":[{"href":"https:\/\/gol.lu\/index.php\/wp-json\/wp\/v2\/types\/page"}],"author":[{"embeddable":true,"href":"https:\/\/gol.lu\/index.php\/wp-json\/wp\/v2\/users\/5"}],"replies":[{"embeddable":true,"href":"https:\/\/gol.lu\/index.php\/wp-json\/wp\/v2\/comments?post=1016"}],"version-history":[{"count":8,"href":"https:\/\/gol.lu\/index.php\/wp-json\/wp\/v2\/pages\/1016\/revisions"}],"predecessor-version":[{"id":1430,"href":"https:\/\/gol.lu\/index.php\/wp-json\/wp\/v2\/pages\/1016\/revisions\/1430"}],"wp:featuredmedia":[{"embeddable":true,"href":"https:\/\/gol.lu\/index.php\/wp-json\/wp\/v2\/media\/476"}],"wp:attachment":[{"href":"https:\/\/gol.lu\/index.php\/wp-json\/wp\/v2\/media?parent=1016"}],"curies":[{"name":"wp","href":"https:\/\/api.w.org\/{rel}","templated":true}]}}