{"id":2,"date":"2023-05-07T04:30:04","date_gmt":"2023-05-07T04:30:04","guid":{"rendered":"http:\/\/gol.noemi.lu\/?page_id=2"},"modified":"2024-04-23T11:23:28","modified_gmt":"2024-04-23T09:23:28","slug":"nos-loges","status":"publish","type":"page","link":"https:\/\/gol.lu\/index.php\/nos-loges\/","title":{"rendered":"Les Loges actuelles du \u00ab\u00a0GOL\u00a0\u00bb"},"content":{"rendered":"\r\n<p>Le \u00ab Grand Orient de Luxembourg \u00bb se compose actuellement de dix loges ; toutes partagent les m\u00eames valeurs ma\u00e7onniques mais elles se distinguent notamment par l\u2019orientation des sujets trait\u00e9s et\/ou par le rite pratiqu\u00e9. Vous trouverez dans la liste d\u00e9roulante un bref aper\u00e7u des caract\u00e9ristiques de chacune de ses loges.<\/p>\r\n<p>Cliquez sur le menu pour voir toutes les loges.<\/p>\r\n<p>&nbsp;<\/p>\r\n","protected":false},"excerpt":{"rendered":"<p>Le \u00ab Grand Orient de Luxembourg \u00bb se compose actuellement de dix loges ; toutes partagent les m\u00eames valeurs ma\u00e7onniques mais elles se distinguent notamment par l\u2019orientation des sujets trait\u00e9s et\/ou par le rite pratiqu\u00e9. Vous trouverez dans la liste d\u00e9roulante un bref aper\u00e7u des caract\u00e9ristiques de chacune de ses loges. Cliquez sur le menu &hellip; <\/p>\n<p class=\"link-more\"><a href=\"https:\/\/gol.lu\/index.php\/nos-loges\/\" class=\"more-link\">Continuer la lecture<span class=\"screen-reader-text\"> de &laquo;&nbsp;Les Loges actuelles du \u00ab\u00a0GOL\u00a0\u00bb&nbsp;&raquo;<\/span><\/a><\/p>\n","protected":false},"author":5,"featured_media":476,"parent":0,"menu_order":0,"comment_status":"closed","ping_status":"closed","template":"","meta":{"footnotes":""},"class_list":["post-2","page","type-page","status-publish","has-post-thumbnail","hentry"],"aioseo_notices":[],"jetpack_shortlink":"https:\/\/wp.me\/Pf1Mle-2","jetpack_sharing_enabled":true,"_links":{"self":[{"href":"https:\/\/gol.lu\/index.php\/wp-json\/wp\/v2\/pages\/2","targetHints":{"allow":["GET"]}}],"collection":[{"href":"https:\/\/gol.lu\/index.php\/wp-json\/wp\/v2\/pages"}],"about":[{"href":"https:\/\/gol.lu\/index.php\/wp-json\/wp\/v2\/types\/page"}],"author":[{"embeddable":true,"href":"https:\/\/gol.lu\/index.php\/wp-json\/wp\/v2\/users\/5"}],"replies":[{"embeddable":true,"href":"https:\/\/gol.lu\/index.php\/wp-json\/wp\/v2\/comments?post=2"}],"version-history":[{"count":15,"href":"https:\/\/gol.lu\/index.php\/wp-json\/wp\/v2\/pages\/2\/revisions"}],"predecessor-version":[{"id":1385,"href":"https:\/\/gol.lu\/index.php\/wp-json\/wp\/v2\/pages\/2\/revisions\/1385"}],"wp:featuredmedia":[{"embeddable":true,"href":"https:\/\/gol.lu\/index.php\/wp-json\/wp\/v2\/media\/476"}],"wp:attachment":[{"href":"https:\/\/gol.lu\/index.php\/wp-json\/wp\/v2\/media?parent=2"}],"curies":[{"name":"wp","href":"https:\/\/api.w.org\/{rel}","templated":true}]}}